
What is 59206 (base 10) in base 14?
17810
What is 520b11 (base 12) in base 3?
2102101202011
Convert 19b892 (base 14) to base 2.
11011111011111111000
-4563d (base 14) to base 3
-22120022000
What is 2034535 (base 6) in base 11?
67914
What is 35283 (base 9) in base 3?
1012022210
What is 204124455 (base 7) in base 2?
101101110111011001110111
Convert -100000011110010010010 (base 2) to base 13.
-2b3446
Convert -2b66c (base 13) to base 9.
-135017
-31c94 (base 16) to base 11
-12a236
Convert 30142311 (base 6) to base 2.
11010000010101000011
What is 15350037 (base 8) in base 5?
1400323222
Convert -34413 (base 9) to base 5.
-1213220
What is -207883 (base 10) in base 5?
-23123013
What is 3021130 (base 7) in base 12?
15332a
What is 50494 (base 10) in base 4?
30110332
-1124262 (base 7) to base 10
-140772
Convert 2303121013 (base 4) to base 7.
6150151
1132212311 (base 4) to base 9
650505
653c00 (base 13) to base 5
1102113212
Convert -122111201200 (base 3) to base 8.
-1241053
-12002241 (base 5) to base 4
-122302000
What is -78921 (base 11) in base 4?
-123321013
-222012022121 (base 3) to base 13
-150913
Convert -3ccd43 (base 14) to base 11.
-1211301
-20210201022021 (base 3) to base 13
-997ba9
754470 (base 8) to base 11
162548
6661723 (base 9) to base 15
4abc33
44444200 (base 5) to base 4
1133112112
Convert 29a5 (base 11) to base 12.
22a2
What is 1223130131 (base 4) in base 15?
8a5e8
1bf1a6 (base 16) to base 10
1831334
-1136483 (base 11) to base 12
-7b8948
-532311 (base 11) to base 8
-3200367
-2430534 (base 6) to base 2
-11111010111111010
Convert 11011000011100 (base 2) to base 8.
33034
-1040232112 (base 5) to base 4
-20223023300
Convert -51036571 (base 8) to base 5.
-10223414031
-424677 (base 8) to base 11
-97562
What is 1a1112 (base 15) in base 10?
1269242
What is 212102032 (base 4) in base 2?
100110010010001110
What is 5774152 (base 9) in base 2?
1011111001100110011111
What is 1011001100110011 (base 2) in base 3?
2022221002
Convert 10a930 (base 12) to base 16.
414b4
107578 (base 12) to base 14
6b55a
Convert -164336500 (base 7) to base 14.
-16c6d70
-331a7 (base 13) to base 14
-25a4c
What is -a95026 (base 12) in base 15?
-380229
-11221330002 (base 4) to base 15
-1e43d3
521536 (base 7) to base 9
145631
-6202312 (base 7) to base 16
-b4bfe
What is -c3730 (base 15) in base 7?
-5156244
174763 (base 8) to base 14
19467
161375 (base 10) to base 5
20131000
Convert -59880 (base 13) to base 15.
-33909
Convert 614072 (base 11) to base 9.
1763014
110111122212 (base 3) to base 8
740613
Convert -210005142 (base 7) to base 11.
-6a794a3
What is 1124022 (base 5) in base 14?
7692
Convert -9624b (base 14) to base 5.
-43101132
-32765 (base 10) to base 3
-1122221112
4843405 (base 11) to base 5
4130001243
What is 111011111110000101 (base 2) in base 9?
413850
Convert 545670 (base 8) to base 4.
230232320
-1131314 (base 7) to base 8
-425520
What is 110001101100010110111 (base 2) in base 15?
222713
Convert -322003031032 (base 4) to base 10.
-15217486
What is -210242133 (base 5) in base 7?
-10244555
Convert -1658a3 (base 11) to base 7.
-2116126
Convert 631eb (base 16) to base 4.
1203013223
What is 6ac6a2 (base 14) in base 6?
210044342
-122202201 (base 4) to base 5
-11434310
What is 2073b5 (base 13) in base 12?
307024
What is 3322021200 (base 4) in base 2?
11111010001001100000
1165115 (base 10) to base 13
31a423
What is 2453550 (base 7) in base 8?
1150700
What is 2464b92 (base 13) in base 2?
101011001011111001011010
-2340333 (base 7) to base 3
-120000100020
-4231460 (base 9) to base 4
-20220321030
Convert -57960 (base 13) to base 9.
-263156
What is -10241404040 (base 5) in base 12?
-3790b30
235150145 (base 6) to base 10
4446641
Convert 16617020 (base 8) to base 13.
a585c8
Convert 12c01 (base 14) to base 4.
23102301
-b283 (base 15) to base 16
-9342
What is 1344400144 (base 5) in base 11?
1a8a037
Convert 1c24eb (base 15) to base 3.
2120211210112
Convert 39aa9 (base 15) to base 3.
100101022020
Convert 111 (base 6) to base 12.
37
What is a7092b (base 12) in base 15?
370a38
-2444412 (base 11) to base 4
-100032000333
Convert -11100100010001001001 (base 2) to base 8.
-3442111
102000012221 (base 3) to base 16
34e61
What is -203199 (base 13) in base 6?
-24021440
-196733 (base 12) to base 16
-6d197
Convert 1b7df (base 16) to base 12.
551bb
Convert 5e69ed (base 15) to base 4.
101101133323
What is -203023120 (base 4) in base 7?
-1140040
1259759 (base 15) to base 14
1a7670a
-11101110111110100110 (base 2) to base 5
-222310404
122947 (base 11) to base 3
100212022012
What is 1621715 (base 10) in base 15?
220795
c554c (base 15) to base 4
2120232210
What is -34a15 (base 13) in base 8?
-273663
110472 (base 11) to base 9
287688
-25342054 (base 6) to base 14
-175878
1001100010010111011111 (base 2) to base 5
1120000223
Convert -544998 (base 14) to base 13.
-78ca50
What is 2332403 (base 5) in base 14?
1188d
-2119679 (base 10) to base 14
-3d2699
-336612 (base 16) to base 11
-19a0862
-211355 (base 7) to base 13
-13832
What is 431570 (base 9) in base 13?
90021
What is 192b8e (base 15) in base 8?
4527247
What is 29a39a (base 12) in base 10?
702118
-419036 (base 10) to base 16
-664dc
-26620062 (base 7) to base 9
-4556583
Convert 237f18 (base 16) to base 4.
20313330120
What is -110212201201022 (base 3) in base 12?
-2360a45
Convert 11938804 (base 10) to base 8.
55425764
What is 65979 (base 14) in base 11?
158986
5424404 (base 8) to base 5
332433132
-1022001302 (base 5) to base 10
-2140827
What is -100111001110101011011001 (base 2) in base 8?
-47165331
What is 1bc84 (base 15) in base 9?
147217
Convert -12014213014 (base 5) to base 14.
-1b9a4d9
63230 (base 12) to base 15
28769
What is 1201002101020 (base 3) in base 8?
3353620
Convert 363634 (base 8) to base 2.
11110011110011100
34313014 (base 6) to base 16
100c42
What is -21213133100 (base 4) in base 11?
-1472105
-4215110 (base 6) to base 3
-101101122120
-2668216 (base 9) to base 13
-3c291c
What is 2a07 (base 16) in base 7?
43240
What is -1202111021000 (base 3) in base 9?
-1674230
Convert -1745473 (base 8) to base 3.
-221221122202
Convert -11001011000010110 (base 2) to base 16.
-19616
118c2 (base 13) to base 2
111111000001100
-1020111020210 (base 3) to base 9
-1214223
What is 20a272 (base 15) in base 11?
970920
What is -1e7e40 (base 15) in base 6?
-52013040
-7913d4 (base 14) to base 10
-4114030
1051112141 (base 6) to base 14
17632c5
What is 4875145 (base 10) in base 14?
90c929
What is 4567070 (base 8) in base 12?
4b9b60
-263458 (base 9) to base 3
-22010111222
Convert 17b792 (base 12) to base 5.
101222420
What is 75002 (base 12) in base 10?
153794
Convert -23461443 (base 7) to base 13.
-57b9c1
What is -651336 (base 7) in base 13?
-3c7a4
-112103203 (base 4) to base 11
-62708
-121112 (base 11) to base 12
-92bb2
What is -245743 (base 8) in base 14?
-22d6b
What is 5233726 (base 9) in base 11?
1641002
Convert 2571401 (base 8) to base 14.
14970d
What is 314110 (base 8) in base 5?
11321040
What is 120303130 (base 5) in base 16?
87e79
7280633 (base 9) to base 3
21022200201010
Convert 36966 (base 16) to base 3.
102100201010
13976ba (base 12) to base 10
3932206
-124749 (base 12) to base 15
-5d5a6
Convert -27aae (base 15) to base 6.
-2421145
What is 14420d (base 16) in base 6?
44242233
What is 10223331 (base 5) in base 7?
505665
What is -1000100100101110011 (base 2) in base 10?
-280947
14100013 (base 6) to base 3
220002200100
Convert a25706 (base 12) to base 16.
26bfb6
What is -8b90b (base 12) in base 15?
-3a288
1113298 (base 11) to base 7
22405532
What is -1800583 (base 9) in base 11?
-626612
-1131033310 (base 4) to base 10
-381940
What is -131a056 (base 13) in base 5?
-3013210130
Convert 12012111032 (base 4) to base 15.
218ab8
-22ac971 (base 13) to base 4
-220312230133
-103316612 (base 7) to base 6
-340150215
1245600 (base 7) to base 5
20203001
Convert 44b2b9 (base 14) to base 12.
947817
723897 (base 10) to base 4
2300232321
-69808 (base 11) to base 8
-304701
11001001110000111000 (base 2) to base 6
25414012
Convert -1d5edb (base 15) to base 9.
-2631168
Convert -1312133031 (base 4) to base 11.
-3016a5
Convert 133223330 (base 4) to base 2.
11111101011111100
d8aee2 (base 16) to base 2
110110001010111011100010
-2110022100100 (base 3) to base 8
-4765112
What is -65588 (base 12)